{"id":12559,"date":"2020-10-07T08:35:44","date_gmt":"2020-10-07T11:35:44","guid":{"rendered":"https:\/\/lmprodutosnaturais.com.br\/loja\/?post_type=product&#038;p=12559"},"modified":"2026-04-01T08:36:23","modified_gmt":"2026-04-01T11:36:23","slug":"zinco-500mg-60-capsulas-fn","status":"publish","type":"product","link":"https:\/\/lmprodutosnaturais.com.br\/loja\/produto\/zinco-500mg-60-capsulas-fn\/","title":{"rendered":"ZINCO QUELATO 12MG 60 CAPSULAS FLORA NATIVA DO BRASIL"},"content":{"rendered":"<div class=\"woocommerce-product-details__short-description\">\n<h3 class=\"wp-block-heading\">Recomenda\u00e7\u00e3o de uso:<\/h3>\n<p>Ingerir 1 c\u00e1psula ao dia, preferencialmente 1 hora ap\u00f3s a refei\u00e7\u00e3o, ou conforme orienta\u00e7\u00e3o profissional.<\/p>\n<h3 class=\"wp-block-heading\">Informa\u00e7\u00e3o nutricional:<\/h3>\n<p>Zinco 12mg* (109% VD**),<br \/>\n* Equivalente \u00e0 60 mg de Bisglicinato de Zinco.<br \/>\n** Percentual de valores di\u00e1rios fornecidos pela por\u00e7\u00e3o.<\/p>\n<h3 class=\"wp-block-heading\">Ingredientes:<\/h3>\n<p>Bisglicinato de Zinco, Silicato de Magn\u00e9sio (INS 553i), Di\u00f3xido de Sil\u00edcio (INS 551).<\/p>\n<h3 class=\"wp-block-heading\">Composi\u00e7\u00e3o da c\u00e1psula:<\/h3>\n<p>Gelatina.<\/p>\n<\/div>\n<div id=\"ywbc_barcode_value\"><\/div>\n","protected":false},"excerpt":{"rendered":"<p>Recomenda\u00e7\u00e3o de uso: Ingerir 1 c\u00e1psula ao dia, preferencialmente 1 hora ap\u00f3s a refei\u00e7\u00e3o, ou conforme orienta\u00e7\u00e3o profissional. Informa\u00e7\u00e3o nutricional: Zinco 12mg* (109% VD**), * Equivalente \u00e0 60 mg de Bisglicinato de Zinco. ** Percentual de valores di\u00e1rios fornecidos pela &hellip; <a href=\"https:\/\/lmprodutosnaturais.com.br\/loja\/produto\/zinco-500mg-60-capsulas-fn\/\">Readmore<\/a><\/p>\n","protected":false},"featured_media":16790,"template":"","meta":{"_bbp_topic_count":0,"_bbp_reply_count":0,"_bbp_total_topic_count":0,"_bbp_total_reply_count":0,"_bbp_voice_count":0,"_bbp_anonymous_reply_count":0,"_bbp_topic_count_hidden":0,"_bbp_reply_count_hidden":0,"_bbp_forum_subforum_count":0},"product_brand":[],"product_cat":[384],"product_tag":[],"class_list":{"0":"post-12559","1":"product","2":"type-product","3":"status-publish","4":"has-post-thumbnail","6":"product_cat-capsulas-flora-nativa","8":"first","9":"instock","10":"shipping-taxable","11":"purchasable","12":"product-type-simple"},"_links":{"self":[{"href":"https:\/\/lmprodutosnaturais.com.br\/loja\/wp-json\/wp\/v2\/product\/12559","targetHints":{"allow":["GET"]}}],"collection":[{"href":"https:\/\/lmprodutosnaturais.com.br\/loja\/wp-json\/wp\/v2\/product"}],"about":[{"href":"https:\/\/lmprodutosnaturais.com.br\/loja\/wp-json\/wp\/v2\/types\/product"}],"wp:featuredmedia":[{"embeddable":true,"href":"https:\/\/lmprodutosnaturais.com.br\/loja\/wp-json\/wp\/v2\/media\/16790"}],"wp:attachment":[{"href":"https:\/\/lmprodutosnaturais.com.br\/loja\/wp-json\/wp\/v2\/media?parent=12559"}],"wp:term":[{"taxonomy":"product_brand","embeddable":true,"href":"https:\/\/lmprodutosnaturais.com.br\/loja\/wp-json\/wp\/v2\/product_brand?post=12559"},{"taxonomy":"product_cat","embeddable":true,"href":"https:\/\/lmprodutosnaturais.com.br\/loja\/wp-json\/wp\/v2\/product_cat?post=12559"},{"taxonomy":"product_tag","embeddable":true,"href":"https:\/\/lmprodutosnaturais.com.br\/loja\/wp-json\/wp\/v2\/product_tag?post=12559"}],"curies":[{"name":"wp","href":"https:\/\/api.w.org\/{rel}","templated":true}]}}