{"id":14363,"date":"2021-05-20T12:49:47","date_gmt":"2021-05-20T15:49:47","guid":{"rendered":"https:\/\/lmprodutosnaturais.com.br\/loja\/?post_type=product&#038;p=14363"},"modified":"2026-04-01T08:36:23","modified_gmt":"2026-04-01T11:36:23","slug":"pantobelle-500-mg-60-capsulas-fn","status":"publish","type":"product","link":"https:\/\/lmprodutosnaturais.com.br\/loja\/produto\/pantobelle-500-mg-60-capsulas-fn\/","title":{"rendered":"PANTOBELLE 500 MG 60 CAPSULAS FN"},"content":{"rendered":"<p>Ingredientes que atuam no fortalecimento e manuten\u00e7\u00e3o da sa\u00fade do cabelo, pele e unhas, estimulam \u00e0 produ\u00e7\u00e3o de col\u00e1geno, auxiliam no tratamento de unhas quebradi\u00e7as, queda de cabelos restaurando o crescimento.<\/p>\n<h3 class=\"wp-block-heading\">Recomenda\u00e7\u00e3o de uso:<\/h3>\n<p>Ingerir 02 c\u00e1psulas ao dia. Informa\u00e7\u00e3o nutricional: Biotina 45mcg (150% VD*) \u2022 Ciste\u00edna 100mg \u2022 Sel\u00eanio 60mcg (100% VD*) \u2022 Vitamina B1 1,2mg (100% VD*) \u2022 Vitamina B6 20mg (1538% VD*) \u2022 Vitamina E 15mg (100% VD*) \u2022 \u00c1cido Pantot\u00eanico 5,5mg (110% VD*) \u2022 Zinco 20mg (182% VD*) \u2022 Ferro 14mg (100% VD*) \u2022 Metilsufonilmetano 300mg<\/p>\n<p>* Percentual de valores di\u00e1rios fornecidos pela por\u00e7\u00e3o<\/p>\n<h3 class=\"wp-block-heading\">Ingredientes:<\/h3>\n<p>Biotina, Ciste\u00edna, Selenito de s\u00f3dio, Cloridrato de Tiamina (Vitamina B1), Cloridrato de Piridoxina (Vitamina B6), Acetato de D-Alfa-tocoferol (Vitamina E), D-Pantotenato de C\u00e1lcio, Bisglicinato de Zinco, Bisglicinato Ferroso (Ferro), Metilsufonilmetano (MSM), Di\u00f3xido de Sil\u00edcio (INS 551), Silicato de Magn\u00e9sio (INS 553i).<\/p>\n<h3 class=\"wp-block-heading\">Composi\u00e7\u00e3o da c\u00e1psula:<\/h3>\n<p>Gelatina, Di\u00f3xido de Tit\u00e2nio, Azul Brilhante FCF e Eritrosina.<\/p>\n","protected":false},"excerpt":{"rendered":"<p>Ingredientes que atuam no fortalecimento e manuten\u00e7\u00e3o da sa\u00fade do cabelo, pele e unhas, estimulam \u00e0 produ\u00e7\u00e3o de col\u00e1geno, auxiliam no tratamento de unhas quebradi\u00e7as, queda de cabelos restaurando o crescimento. Recomenda\u00e7\u00e3o de uso: Ingerir 02 c\u00e1psulas ao dia. Informa\u00e7\u00e3o &hellip; <a href=\"https:\/\/lmprodutosnaturais.com.br\/loja\/produto\/pantobelle-500-mg-60-capsulas-fn\/\">Readmore<\/a><\/p>\n","protected":false},"featured_media":16816,"template":"","meta":{"_bbp_topic_count":0,"_bbp_reply_count":0,"_bbp_total_topic_count":0,"_bbp_total_reply_count":0,"_bbp_voice_count":0,"_bbp_anonymous_reply_count":0,"_bbp_topic_count_hidden":0,"_bbp_reply_count_hidden":0,"_bbp_forum_subforum_count":0},"product_brand":[],"product_cat":[384],"product_tag":[487,533,532,534],"class_list":{"0":"post-14363","1":"product","2":"type-product","3":"status-publish","4":"has-post-thumbnail","6":"product_cat-capsulas-flora-nativa","7":"product_tag-biotina","8":"product_tag-cabelos","9":"product_tag-cisteina","10":"product_tag-unhas","12":"first","13":"instock","14":"shipping-taxable","15":"purchasable","16":"product-type-simple"},"_links":{"self":[{"href":"https:\/\/lmprodutosnaturais.com.br\/loja\/wp-json\/wp\/v2\/product\/14363","targetHints":{"allow":["GET"]}}],"collection":[{"href":"https:\/\/lmprodutosnaturais.com.br\/loja\/wp-json\/wp\/v2\/product"}],"about":[{"href":"https:\/\/lmprodutosnaturais.com.br\/loja\/wp-json\/wp\/v2\/types\/product"}],"wp:featuredmedia":[{"embeddable":true,"href":"https:\/\/lmprodutosnaturais.com.br\/loja\/wp-json\/wp\/v2\/media\/16816"}],"wp:attachment":[{"href":"https:\/\/lmprodutosnaturais.com.br\/loja\/wp-json\/wp\/v2\/media?parent=14363"}],"wp:term":[{"taxonomy":"product_brand","embeddable":true,"href":"https:\/\/lmprodutosnaturais.com.br\/loja\/wp-json\/wp\/v2\/product_brand?post=14363"},{"taxonomy":"product_cat","embeddable":true,"href":"https:\/\/lmprodutosnaturais.com.br\/loja\/wp-json\/wp\/v2\/product_cat?post=14363"},{"taxonomy":"product_tag","embeddable":true,"href":"https:\/\/lmprodutosnaturais.com.br\/loja\/wp-json\/wp\/v2\/product_tag?post=14363"}],"curies":[{"name":"wp","href":"https:\/\/api.w.org\/{rel}","templated":true}]}}