{"id":14625,"date":"2021-09-15T14:18:00","date_gmt":"2021-09-15T17:18:00","guid":{"rendered":"https:\/\/lmprodutosnaturais.com.br\/loja\/?post_type=product&#038;p=14625"},"modified":"2026-04-02T11:34:17","modified_gmt":"2026-04-02T14:34:17","slug":"cafeina-90-comprimidos-1000mg-plant-ervas","status":"publish","type":"product","link":"https:\/\/lmprodutosnaturais.com.br\/loja\/produto\/cafeina-90-comprimidos-1000mg-plant-ervas\/","title":{"rendered":"CAFEINA 400MG 90 COMPRIMIDOS 1000MG PLANT ERVAS"},"content":{"rendered":"<h1>Benef\u00edcios<\/h1>\n<h2>Melhorar a aten\u00e7\u00e3o e a concentra\u00e7\u00e3o<\/h2>\n<h2>Melhorar a mem\u00f3ria e a capacidade de aprendizado<\/h2>\n<h2>Aumentar a for\u00e7a e a resist\u00eancia muscular<\/h2>\n<h2>Aumentar o desempenho da atividade f\u00edsica<\/h2>\n<h2>Diminuir o cansa\u00e7o e o sono<\/h2>\n<h2>Melhorar o humor<\/h2>\n<h2>Diminuir a depress\u00e3o<\/h2>\n<h2>Estimular a disposi\u00e7\u00e3o e o bem-estar<\/h2>\n<h2>Melhorar o racioc\u00ednio e a velocidade processamento da informa\u00e7\u00e3o<\/h2>\n<h2>Melhorar a respira\u00e7\u00e3o<\/h2>\n<h2>Diminuir a dor de cabe\u00e7a<\/h2>\n<h2>Reduzir a percep\u00e7\u00e3o de dor.<\/h2>\n","protected":false},"excerpt":{"rendered":"<p>Benef\u00edcios Melhorar a aten\u00e7\u00e3o e a concentra\u00e7\u00e3o Melhorar a mem\u00f3ria e a capacidade de aprendizado Aumentar a for\u00e7a e a resist\u00eancia muscular Aumentar o desempenho da atividade f\u00edsica Diminuir o cansa\u00e7o e o sono Melhorar o humor Diminuir a depress\u00e3o &hellip; <a href=\"https:\/\/lmprodutosnaturais.com.br\/loja\/produto\/cafeina-90-comprimidos-1000mg-plant-ervas\/\">Readmore<\/a><\/p>\n","protected":false},"featured_media":17764,"template":"","meta":{"_bbp_topic_count":0,"_bbp_reply_count":0,"_bbp_total_topic_count":0,"_bbp_total_reply_count":0,"_bbp_voice_count":0,"_bbp_anonymous_reply_count":0,"_bbp_topic_count_hidden":0,"_bbp_reply_count_hidden":0,"_bbp_forum_subforum_count":0},"product_brand":[],"product_cat":[377],"product_tag":[438],"class_list":{"0":"post-14625","1":"product","2":"type-product","3":"status-publish","4":"has-post-thumbnail","6":"product_cat-plant-ervas","7":"product_tag-cafeina","9":"first","10":"instock","11":"shipping-taxable","12":"purchasable","13":"product-type-simple"},"_links":{"self":[{"href":"https:\/\/lmprodutosnaturais.com.br\/loja\/wp-json\/wp\/v2\/product\/14625","targetHints":{"allow":["GET"]}}],"collection":[{"href":"https:\/\/lmprodutosnaturais.com.br\/loja\/wp-json\/wp\/v2\/product"}],"about":[{"href":"https:\/\/lmprodutosnaturais.com.br\/loja\/wp-json\/wp\/v2\/types\/product"}],"wp:featuredmedia":[{"embeddable":true,"href":"https:\/\/lmprodutosnaturais.com.br\/loja\/wp-json\/wp\/v2\/media\/17764"}],"wp:attachment":[{"href":"https:\/\/lmprodutosnaturais.com.br\/loja\/wp-json\/wp\/v2\/media?parent=14625"}],"wp:term":[{"taxonomy":"product_brand","embeddable":true,"href":"https:\/\/lmprodutosnaturais.com.br\/loja\/wp-json\/wp\/v2\/product_brand?post=14625"},{"taxonomy":"product_cat","embeddable":true,"href":"https:\/\/lmprodutosnaturais.com.br\/loja\/wp-json\/wp\/v2\/product_cat?post=14625"},{"taxonomy":"product_tag","embeddable":true,"href":"https:\/\/lmprodutosnaturais.com.br\/loja\/wp-json\/wp\/v2\/product_tag?post=14625"}],"curies":[{"name":"wp","href":"https:\/\/api.w.org\/{rel}","templated":true}]}}