{"id":15935,"date":"2023-02-27T11:10:46","date_gmt":"2023-02-27T14:10:46","guid":{"rendered":"https:\/\/lmprodutosnaturais.com.br\/loja\/?post_type=product&#038;p=15935"},"modified":"2026-03-20T10:41:21","modified_gmt":"2026-03-20T13:41:21","slug":"vitamina-d3-2000ui-500mg-60caps-fn","status":"publish","type":"product","link":"https:\/\/lmprodutosnaturais.com.br\/loja\/produto\/vitamina-d3-2000ui-500mg-60caps-fn\/","title":{"rendered":"VITAMINA D3 2000UI 500MG 60CAPS FN"},"content":{"rendered":"<p>A Vitamina D3 (Colecalciferol) \u00e9 essencial para a homeostase, ajuda a manter o equil\u00edbrio mineral no organismo, principalmente a absor\u00e7\u00e3o do c\u00e1lcio e magn\u00e9sio.<\/p>\n<h3 class=\"wp-block-heading\">Recomenda\u00e7\u00e3o de uso:<\/h3>\n<p>Ingerir 1 c\u00e1psula ao dia ap\u00f3s almo\u00e7o ou jantar, ou conforme orienta\u00e7\u00e3o profissional.<\/p>\n<h3 class=\"wp-block-heading\">Informa\u00e7\u00e3o nutricional:<\/h3>\n<p>Vitamina D 50mcg \u2013 2.000 UI (333% VD*).<br \/>\n* Percentual de valores di\u00e1rios fornecidos pela por\u00e7\u00e3o.<\/p>\n<h3 class=\"wp-block-heading\">Ingredientes:<\/h3>\n<p>Vitamina D3 (Colecalciferol), Silicato de Magn\u00e9sio (553i), Di\u00f3xido de Sil\u00edcio (551).<\/p>\n<h3 class=\"wp-block-heading\">Composi\u00e7\u00e3o da c\u00e1psula:<\/h3>\n<p>Gelatina.<\/p>\n","protected":false},"excerpt":{"rendered":"<p>A Vitamina D3 (Colecalciferol) \u00e9 essencial para a homeostase, ajuda a manter o equil\u00edbrio mineral no organismo, principalmente a absor\u00e7\u00e3o do c\u00e1lcio e magn\u00e9sio. Recomenda\u00e7\u00e3o de uso: Ingerir 1 c\u00e1psula ao dia ap\u00f3s almo\u00e7o ou jantar, ou conforme orienta\u00e7\u00e3o profissional. &hellip; <a href=\"https:\/\/lmprodutosnaturais.com.br\/loja\/produto\/vitamina-d3-2000ui-500mg-60caps-fn\/\">Readmore<\/a><\/p>\n","protected":false},"featured_media":17343,"template":"","meta":{"_bbp_topic_count":0,"_bbp_reply_count":0,"_bbp_total_topic_count":0,"_bbp_total_reply_count":0,"_bbp_voice_count":0,"_bbp_anonymous_reply_count":0,"_bbp_topic_count_hidden":0,"_bbp_reply_count_hidden":0,"_bbp_forum_subforum_count":0},"product_brand":[],"product_cat":[384],"product_tag":[555,581],"class_list":{"0":"post-15935","1":"product","2":"type-product","3":"status-publish","4":"has-post-thumbnail","6":"product_cat-capsulas-flora-nativa","7":"product_tag-vitamina-d","8":"product_tag-vitamina-d3","10":"first","11":"instock","12":"shipping-taxable","13":"purchasable","14":"product-type-simple"},"_links":{"self":[{"href":"https:\/\/lmprodutosnaturais.com.br\/loja\/wp-json\/wp\/v2\/product\/15935","targetHints":{"allow":["GET"]}}],"collection":[{"href":"https:\/\/lmprodutosnaturais.com.br\/loja\/wp-json\/wp\/v2\/product"}],"about":[{"href":"https:\/\/lmprodutosnaturais.com.br\/loja\/wp-json\/wp\/v2\/types\/product"}],"wp:featuredmedia":[{"embeddable":true,"href":"https:\/\/lmprodutosnaturais.com.br\/loja\/wp-json\/wp\/v2\/media\/17343"}],"wp:attachment":[{"href":"https:\/\/lmprodutosnaturais.com.br\/loja\/wp-json\/wp\/v2\/media?parent=15935"}],"wp:term":[{"taxonomy":"product_brand","embeddable":true,"href":"https:\/\/lmprodutosnaturais.com.br\/loja\/wp-json\/wp\/v2\/product_brand?post=15935"},{"taxonomy":"product_cat","embeddable":true,"href":"https:\/\/lmprodutosnaturais.com.br\/loja\/wp-json\/wp\/v2\/product_cat?post=15935"},{"taxonomy":"product_tag","embeddable":true,"href":"https:\/\/lmprodutosnaturais.com.br\/loja\/wp-json\/wp\/v2\/product_tag?post=15935"}],"curies":[{"name":"wp","href":"https:\/\/api.w.org\/{rel}","templated":true}]}}