{"id":15967,"date":"2023-03-03T15:17:53","date_gmt":"2023-03-03T18:17:53","guid":{"rendered":"https:\/\/lmprodutosnaturais.com.br\/loja\/?post_type=product&#038;p=15967"},"modified":"2026-04-02T15:34:07","modified_gmt":"2026-04-02T18:34:07","slug":"multrix-xarope-infantil-a-z-120ml-sabor-laranja-f","status":"publish","type":"product","link":"https:\/\/lmprodutosnaturais.com.br\/loja\/produto\/multrix-xarope-infantil-a-z-120ml-sabor-laranja-f\/","title":{"rendered":"MULTRIX XAROPE INFANTIL  A-Z 120ML SABOR LARANJA FN"},"content":{"rendered":"<p>Vitaminas e minerais que garantem a nutri\u00e7\u00e3o adequada a partir de 1 ano.<\/p>\n<h3 class=\"wp-block-heading\">Recomenda\u00e7\u00e3o de uso:<\/h3>\n<p>Ingerir 5 ml (\u2153 copo dosador), 1 vez ao dia, preferencialmente pela manh\u00e3, ou conforme orienta\u00e7\u00e3o profissional.<\/p>\n<h3 class=\"wp-block-heading\">Informa\u00e7\u00f5es nutricionais:<\/h3>\n<p>Vitamina A 30mcg (100% VD<em>) \u2022 Vitamina B1 0,5mg (100% VD<\/em>) \u2022 Vitamina B2 0,5mg (100% VD<em>) \u2022 \u00c1cido Pantat\u00eanico 2mg (100% VD<\/em>) \u2022 Vitamina B6 0,5mg (100% VD<em>) \u2022 Vitamina C 15mg (100% VD<\/em>) \u2022 Vitamina D 15mcg (100% VD<em>) \u2022 Vitamina E 6mg (100% VD<\/em>) \u2022 Niacina 6mg (100% VD<em>) \u2022 \u00c1cido F\u00f3lico 150mcg (100% VD<\/em>) \u2022 Sel\u00eanio 20mcg (100% VD<em>) \u2022 Zinco 3mg (100% VD<\/em>)<\/p>\n<p>*Percentual de valores di\u00e1rios fornecidos pela por\u00e7\u00e3o para o p\u00fablico de 1 \u00e0 3 anos.<\/p>\n<h3 class=\"wp-block-heading\">Ingredientes:<\/h3>\n<p>\u00c1cido Asc\u00f3rbico (Vitamina C), Acetato de Alfa-tocoferol (Vitamina E), Nicotinamida (Niacina), Bisglicinato de Zinco, D-Pantotenato de C\u00e1lcio, Mononitrato de Tiamina (Vitamina B1), Riboflavina (Vitamina B2), Cloridrato de Piridoxina (Vitamina B6), Acetato de Retinol (Vitamina A), Colecalciferol (Vitamina D3), \u00c1cido F\u00f3lico, Selenito de S\u00f3dio, Glicerina Vegetal, Agua Purificada, Goma Guar (INS 412), Aroma Natural de Laranja.<\/p>\n","protected":false},"excerpt":{"rendered":"<p>Vitaminas e minerais que garantem a nutri\u00e7\u00e3o adequada a partir de 1 ano. Recomenda\u00e7\u00e3o de uso: Ingerir 5 ml (\u2153 copo dosador), 1 vez ao dia, preferencialmente pela manh\u00e3, ou conforme orienta\u00e7\u00e3o profissional. Informa\u00e7\u00f5es nutricionais: Vitamina A 30mcg (100% VD) &hellip; <a href=\"https:\/\/lmprodutosnaturais.com.br\/loja\/produto\/multrix-xarope-infantil-a-z-120ml-sabor-laranja-f\/\">Readmore<\/a><\/p>\n","protected":false},"featured_media":15968,"template":"","meta":{"_bbp_topic_count":0,"_bbp_reply_count":0,"_bbp_total_topic_count":0,"_bbp_total_reply_count":0,"_bbp_voice_count":0,"_bbp_anonymous_reply_count":0,"_bbp_topic_count_hidden":0,"_bbp_reply_count_hidden":0,"_bbp_forum_subforum_count":0},"product_brand":[],"product_cat":[384],"product_tag":[684,739,517],"class_list":{"0":"post-15967","1":"product","2":"type-product","3":"status-publish","4":"has-post-thumbnail","6":"product_cat-capsulas-flora-nativa","7":"product_tag-kids","8":"product_tag-multivitaminico","9":"product_tag-xarope","11":"first","12":"instock","13":"shipping-taxable","14":"purchasable","15":"product-type-simple"},"_links":{"self":[{"href":"https:\/\/lmprodutosnaturais.com.br\/loja\/wp-json\/wp\/v2\/product\/15967","targetHints":{"allow":["GET"]}}],"collection":[{"href":"https:\/\/lmprodutosnaturais.com.br\/loja\/wp-json\/wp\/v2\/product"}],"about":[{"href":"https:\/\/lmprodutosnaturais.com.br\/loja\/wp-json\/wp\/v2\/types\/product"}],"wp:featuredmedia":[{"embeddable":true,"href":"https:\/\/lmprodutosnaturais.com.br\/loja\/wp-json\/wp\/v2\/media\/15968"}],"wp:attachment":[{"href":"https:\/\/lmprodutosnaturais.com.br\/loja\/wp-json\/wp\/v2\/media?parent=15967"}],"wp:term":[{"taxonomy":"product_brand","embeddable":true,"href":"https:\/\/lmprodutosnaturais.com.br\/loja\/wp-json\/wp\/v2\/product_brand?post=15967"},{"taxonomy":"product_cat","embeddable":true,"href":"https:\/\/lmprodutosnaturais.com.br\/loja\/wp-json\/wp\/v2\/product_cat?post=15967"},{"taxonomy":"product_tag","embeddable":true,"href":"https:\/\/lmprodutosnaturais.com.br\/loja\/wp-json\/wp\/v2\/product_tag?post=15967"}],"curies":[{"name":"wp","href":"https:\/\/api.w.org\/{rel}","templated":true}]}}