{"id":16205,"date":"2023-05-29T16:14:19","date_gmt":"2023-05-29T19:14:19","guid":{"rendered":"https:\/\/lmprodutosnaturais.com.br\/loja\/?post_type=product&#038;p=16205"},"modified":"2026-03-26T14:39:58","modified_gmt":"2026-03-26T17:39:58","slug":"lecitina-de-soja-500mg-60-caps-muwiz","status":"publish","type":"product","link":"https:\/\/lmprodutosnaturais.com.br\/loja\/produto\/lecitina-de-soja-500mg-60-caps-muwiz\/","title":{"rendered":"LECITINA DE SOJA 500MG 60 CAPS. MUWIZ"},"content":{"rendered":"<div class=\"elementor-element elementor-element-2cfadc8 elementor-widget elementor-widget-woocommerce-product-title elementor-page-title elementor-widget-heading\" data-id=\"2cfadc8\" data-element_type=\"widget\" data-widget_type=\"woocommerce-product-title.default\">\n<div class=\"elementor-widget-container\">\n<h1 class=\"product_title entry-title elementor-heading-title elementor-size-default\">LECITINA DE SOJA<\/h1>\n<\/div>\n<\/div>\n<div class=\"elementor-element elementor-element-d4eede4 elementor-widget elementor-widget-woocommerce-product-short-description\" data-id=\"d4eede4\" data-element_type=\"widget\" data-widget_type=\"woocommerce-product-short-description.default\">\n<div class=\"elementor-widget-container\">\n<div class=\"woocommerce-product-details__short-description\">\n<p><strong>Apresenta\u00e7\u00e3o: 500mg c\/ 60 c\u00e1psulas<\/strong><\/p>\n<p>Lectina de soja Muwiz \u00e9 um suplemento obtido atrav\u00e9s da extra\u00e7\u00e3o do \u00f3leo dos gr\u00e3os da soja, que \u00e9 rico em vitamina B8 (colina), f\u00f3sforo e outros compostos que promovem a sa\u00fade e o bem estar.<\/p>\n<p><strong>ngredientes:<\/strong>\u00a0Lecitina de soja. C\u00e1psula: \u00e1gua purificada, gelatina e umectante glicerina. N\u00c3O CONT\u00c9M GL\u00daTEN.<\/p>\n<p><strong>Al\u00e9rgicos:<\/strong>\u00a0CONT\u00c9M derivados de soja.<\/p>\n<p>Conservar ao abrigo da luz, calor e umidade.<br \/>\nAp\u00f3s aberto consumir em at\u00e9 60 dias.<br \/>\nProduto indicado para o grupo populacional acima de 19 anos.<\/p>\n<p>Este produto n\u00e3o \u00e9 um medicamento.<br \/>\nN\u00e3o exceder a recomenda\u00e7\u00e3o di\u00e1ria de consumo indicada na embalagem. Mantenha fora do alcance de crian\u00e7as.<br \/>\nEste produto n\u00e3o deve ser consumido por gestantes, lactantes e crian\u00e7as.<\/p>\n<p><strong>RECOMENDA\u00c7\u00c3O DE USO:<\/strong>\u00a0Consumir 2 c\u00e1psulas ao dia.<\/p>\n<p>Produto dispensado de registro conforme RDC 240\/2018.<img loading=\"lazy\" decoding=\"async\" class=\"alignnone size-medium wp-image-18919\" src=\"https:\/\/lmprodutosnaturais.com.br\/loja\/wp-content\/uploads\/2023\/05\/leci-900x900-1-300x300.jpg\" alt=\"LM Distribuidora - Produtos Naturais\" width=\"300\" height=\"300\" title=\"LM Distribuidora - Produtos Naturais\" srcset=\"https:\/\/lmprodutosnaturais.com.br\/loja\/wp-content\/uploads\/2023\/05\/leci-900x900-1-300x300.jpg 300w, https:\/\/lmprodutosnaturais.com.br\/loja\/wp-content\/uploads\/2023\/05\/leci-900x900-1-150x150.jpg 150w, https:\/\/lmprodutosnaturais.com.br\/loja\/wp-content\/uploads\/2023\/05\/leci-900x900-1-768x768.jpg 768w, https:\/\/lmprodutosnaturais.com.br\/loja\/wp-content\/uploads\/2023\/05\/leci-900x900-1-600x600.jpg 600w, https:\/\/lmprodutosnaturais.com.br\/loja\/wp-content\/uploads\/2023\/05\/leci-900x900-1-100x100.jpg 100w, https:\/\/lmprodutosnaturais.com.br\/loja\/wp-content\/uploads\/2023\/05\/leci-900x900-1.jpg 900w\" sizes=\"auto, (max-width: 300px) 100vw, 300px\" \/><\/p>\n<\/div>\n<\/div>\n<\/div>\n","protected":false},"excerpt":{"rendered":"<p>LECITINA DE SOJA Apresenta\u00e7\u00e3o: 500mg c\/ 60 c\u00e1psulas Lectina de soja Muwiz \u00e9 um suplemento obtido atrav\u00e9s da extra\u00e7\u00e3o do \u00f3leo dos gr\u00e3os da soja, que \u00e9 rico em vitamina B8 (colina), f\u00f3sforo e outros compostos que promovem a sa\u00fade &hellip; <a href=\"https:\/\/lmprodutosnaturais.com.br\/loja\/produto\/lecitina-de-soja-500mg-60-caps-muwiz\/\">Readmore<\/a><\/p>\n","protected":false},"featured_media":16206,"template":"","meta":{"_bbp_topic_count":0,"_bbp_reply_count":0,"_bbp_total_topic_count":0,"_bbp_total_reply_count":0,"_bbp_voice_count":0,"_bbp_anonymous_reply_count":0,"_bbp_topic_count_hidden":0,"_bbp_reply_count_hidden":0,"_bbp_forum_subforum_count":0},"product_brand":[],"product_cat":[382,429],"product_tag":[785],"class_list":{"0":"post-16205","1":"product","2":"type-product","3":"status-publish","4":"has-post-thumbnail","6":"product_cat-capsulas-muwiz","7":"product_cat-promocoes","8":"product_tag-lecitina-de-soja","10":"first","11":"instock","12":"sale","13":"shipping-taxable","14":"purchasable","15":"product-type-simple"},"_links":{"self":[{"href":"https:\/\/lmprodutosnaturais.com.br\/loja\/wp-json\/wp\/v2\/product\/16205","targetHints":{"allow":["GET"]}}],"collection":[{"href":"https:\/\/lmprodutosnaturais.com.br\/loja\/wp-json\/wp\/v2\/product"}],"about":[{"href":"https:\/\/lmprodutosnaturais.com.br\/loja\/wp-json\/wp\/v2\/types\/product"}],"wp:featuredmedia":[{"embeddable":true,"href":"https:\/\/lmprodutosnaturais.com.br\/loja\/wp-json\/wp\/v2\/media\/16206"}],"wp:attachment":[{"href":"https:\/\/lmprodutosnaturais.com.br\/loja\/wp-json\/wp\/v2\/media?parent=16205"}],"wp:term":[{"taxonomy":"product_brand","embeddable":true,"href":"https:\/\/lmprodutosnaturais.com.br\/loja\/wp-json\/wp\/v2\/product_brand?post=16205"},{"taxonomy":"product_cat","embeddable":true,"href":"https:\/\/lmprodutosnaturais.com.br\/loja\/wp-json\/wp\/v2\/product_cat?post=16205"},{"taxonomy":"product_tag","embeddable":true,"href":"https:\/\/lmprodutosnaturais.com.br\/loja\/wp-json\/wp\/v2\/product_tag?post=16205"}],"curies":[{"name":"wp","href":"https:\/\/api.w.org\/{rel}","templated":true}]}}