{"id":18301,"date":"2024-03-20T08:57:04","date_gmt":"2024-03-20T11:57:04","guid":{"rendered":"https:\/\/lmprodutosnaturais.com.br\/loja\/produto\/gel-dermessence-ureia-10-bio-instinto-150g\/"},"modified":"2026-03-30T11:51:22","modified_gmt":"2026-03-30T14:51:22","slug":"gel-dermessence-ureia-10-bio-instinto-150g","status":"publish","type":"product","link":"https:\/\/lmprodutosnaturais.com.br\/loja\/produto\/gel-dermessence-ureia-10-bio-instinto-150g\/","title":{"rendered":"CREME HIDRATANTE DERMESSENCE UREIA 10% BIO INSTINTO 150G"},"content":{"rendered":"<p>Dermessence Creme Hidratante Desodorante Corporal Ureia 10% Bio Instinto \u00e9 rico em C\u00e1lcio, Mulateiro, Ureia e Pantenol, f\u00f3rmula especialmente desenvolvida para pele seca. Toque suave e n\u00e3o oleoso, ideal para o uso di\u00e1rio<\/p>\n<p>Aplique o produto generosamente sobre a pele limpa e seca duas vezes ao dia com suaves massagens at\u00e9 completa absor\u00e7\u00e3o.<\/p>\n<p><b>COMPOSI\u00c7\u00c3O: <\/b>Acetilciste\u00edna, \u00c1gua, Arginina, Butil-Hidroxitolueno, Pantotenato de C\u00e1lcio, Extrato da Casca de Mulateiro, Carb\u00f4mer, Cetearete-20, \u00c1lcool Cetear\u00edlico, Edetato Diss\u00f3dico, Dimetilidanto\u00edna, \u00c9ter Dietilenoglicol Monoet\u00edlico, Glicerol, Monoestearato de Glicerila, Pantenol, Parafina L\u00edquida, Perfume, Fenoxietanol, Serina, Pidolato de S\u00f3dio, \u00c1cido Este\u00e1rico, Triclosan, Trietanolamina, Ureia, Butilfenil Metilpropional, Hexil Cinamal, Linalol.<\/p>\n","protected":false},"excerpt":{"rendered":"<p>Dermessence Creme Hidratante Desodorante Corporal Ureia 10% Bio Instinto \u00e9 rico em C\u00e1lcio, Mulateiro, Ureia e Pantenol, f\u00f3rmula especialmente desenvolvida para pele seca. Toque suave e n\u00e3o oleoso, ideal para o uso di\u00e1rio Aplique o produto generosamente sobre a pele &hellip; <a href=\"https:\/\/lmprodutosnaturais.com.br\/loja\/produto\/gel-dermessence-ureia-10-bio-instinto-150g\/\">Readmore<\/a><\/p>\n","protected":false},"featured_media":18300,"template":"","meta":{"_bbp_topic_count":0,"_bbp_reply_count":0,"_bbp_total_topic_count":0,"_bbp_total_reply_count":0,"_bbp_voice_count":0,"_bbp_anonymous_reply_count":0,"_bbp_topic_count_hidden":0,"_bbp_reply_count_hidden":0,"_bbp_forum_subforum_count":0},"product_brand":[],"product_cat":[389],"product_tag":[],"class_list":{"0":"post-18301","1":"product","2":"type-product","3":"status-publish","4":"has-post-thumbnail","6":"product_cat-bio-instinto","8":"first","9":"instock","10":"shipping-taxable","11":"purchasable","12":"product-type-simple"},"_links":{"self":[{"href":"https:\/\/lmprodutosnaturais.com.br\/loja\/wp-json\/wp\/v2\/product\/18301","targetHints":{"allow":["GET"]}}],"collection":[{"href":"https:\/\/lmprodutosnaturais.com.br\/loja\/wp-json\/wp\/v2\/product"}],"about":[{"href":"https:\/\/lmprodutosnaturais.com.br\/loja\/wp-json\/wp\/v2\/types\/product"}],"wp:featuredmedia":[{"embeddable":true,"href":"https:\/\/lmprodutosnaturais.com.br\/loja\/wp-json\/wp\/v2\/media\/18300"}],"wp:attachment":[{"href":"https:\/\/lmprodutosnaturais.com.br\/loja\/wp-json\/wp\/v2\/media?parent=18301"}],"wp:term":[{"taxonomy":"product_brand","embeddable":true,"href":"https:\/\/lmprodutosnaturais.com.br\/loja\/wp-json\/wp\/v2\/product_brand?post=18301"},{"taxonomy":"product_cat","embeddable":true,"href":"https:\/\/lmprodutosnaturais.com.br\/loja\/wp-json\/wp\/v2\/product_cat?post=18301"},{"taxonomy":"product_tag","embeddable":true,"href":"https:\/\/lmprodutosnaturais.com.br\/loja\/wp-json\/wp\/v2\/product_tag?post=18301"}],"curies":[{"name":"wp","href":"https:\/\/api.w.org\/{rel}","templated":true}]}}