{"id":18583,"date":"2024-06-18T17:03:58","date_gmt":"2024-06-18T20:03:58","guid":{"rendered":"https:\/\/lmprodutosnaturais.com.br\/loja\/produto\/melatonina-gotas-30ml-021mg-gota-morango-flora-nativa-do-bra\/"},"modified":"2026-04-02T11:24:58","modified_gmt":"2026-04-02T14:24:58","slug":"melatonina-gotas-30ml-021mg-gota-morango-flora-nativa-do-bra","status":"publish","type":"product","link":"https:\/\/lmprodutosnaturais.com.br\/loja\/produto\/melatonina-gotas-30ml-021mg-gota-morango-flora-nativa-do-bra\/","title":{"rendered":"MELATONINA GOTAS 30ML (0,21MG\/GOTA) MORANGO FLORA NATIVA DO BRA"},"content":{"rendered":"<div class=\"wp-block-image\">\n<figure class=\"aligncenter size-full\"><img loading=\"lazy\" decoding=\"async\" class=\"wp-image-10812\" src=\"https:\/\/floranativadobrasil.com.br\/wp-content\/uploads\/2024\/06\/fast-basorcao.png\" sizes=\"auto, (max-width: 459px) 100vw, 459px\" srcset=\"https:\/\/floranativadobrasil.com.br\/wp-content\/uploads\/2024\/06\/fast-basorcao.png 459w, https:\/\/floranativadobrasil.com.br\/wp-content\/uploads\/2024\/06\/fast-basorcao-300x31.png 300w\" alt=\"LM Distribuidora - Produtos Naturais\" width=\"459\" height=\"47\" title=\"LM Distribuidora - Produtos Naturais\"><\/figure>\n<\/div>\n<h3 class=\"wp-block-heading\">Recomenda\u00e7\u00e3o de uso:<\/h3>\n<p>Ingerir 1 gota a noite.<\/p>\n<h3 class=\"wp-block-heading\">Informa\u00e7\u00e3o nutricional:<\/h3>\n<p>Melatonina 210mcg<\/p>\n<h3 class=\"wp-block-heading\">Ingredientes:<\/h3>\n<p>\u00c1gua Pot\u00e1vel Filtrada, Glicerina, Melatonina, \u00c1cido C\u00edtrico (INS 330), Acesulfame de Pot\u00e1ssio (INS 950), Sorbato de Pot\u00e1ssio (INS202), Aroma Id\u00eantico ao Natural de Laranja, Maracuj\u00e1 ou Morango, Glicos\u00eddeos de Steviol (INS 960).\u00a0<strong>N\u00c3O CONT\u00c9M GL\u00daTEN.<\/strong><\/p>\n<h3 class=\"wp-block-heading\">Conte\u00fado:<\/h3>\n<p>30ml.<\/p>\n<div class=\"wp-block-image\">\n<figure class=\"aligncenter size-full\"><img loading=\"lazy\" decoding=\"async\" class=\"wp-image-10814\" src=\"https:\/\/floranativadobrasil.com.br\/wp-content\/uploads\/2024\/06\/sabores-melatonina.png\" sizes=\"auto, (max-width: 636px) 100vw, 636px\" srcset=\"https:\/\/floranativadobrasil.com.br\/wp-content\/uploads\/2024\/06\/sabores-melatonina.png 636w, https:\/\/floranativadobrasil.com.br\/wp-content\/uploads\/2024\/06\/sabores-melatonina-300x55.png 300w\" alt=\"LM Distribuidora - Produtos Naturais\" width=\"636\" height=\"116\" title=\"LM Distribuidora - Produtos Naturais\"><\/figure>\n<\/div>\n","protected":false},"excerpt":{"rendered":"<p>Recomenda\u00e7\u00e3o de uso: Ingerir 1 gota a noite. Informa\u00e7\u00e3o nutricional: Melatonina 210mcg Ingredientes: \u00c1gua Pot\u00e1vel Filtrada, Glicerina, Melatonina, \u00c1cido C\u00edtrico (INS 330), Acesulfame de Pot\u00e1ssio (INS 950), Sorbato de Pot\u00e1ssio (INS202), Aroma Id\u00eantico ao Natural de Laranja, Maracuj\u00e1 ou Morango, &hellip; <a href=\"https:\/\/lmprodutosnaturais.com.br\/loja\/produto\/melatonina-gotas-30ml-021mg-gota-morango-flora-nativa-do-bra\/\">Readmore<\/a><\/p>\n","protected":false},"featured_media":18819,"template":"","meta":{"_bbp_topic_count":0,"_bbp_reply_count":0,"_bbp_total_topic_count":0,"_bbp_total_reply_count":0,"_bbp_voice_count":0,"_bbp_anonymous_reply_count":0,"_bbp_topic_count_hidden":0,"_bbp_reply_count_hidden":0,"_bbp_forum_subforum_count":0},"product_brand":[],"product_cat":[384,429],"product_tag":[],"class_list":{"0":"post-18583","1":"product","2":"type-product","3":"status-publish","4":"has-post-thumbnail","6":"product_cat-capsulas-flora-nativa","7":"product_cat-promocoes","9":"first","10":"instock","11":"sale","12":"shipping-taxable","13":"purchasable","14":"product-type-simple"},"_links":{"self":[{"href":"https:\/\/lmprodutosnaturais.com.br\/loja\/wp-json\/wp\/v2\/product\/18583","targetHints":{"allow":["GET"]}}],"collection":[{"href":"https:\/\/lmprodutosnaturais.com.br\/loja\/wp-json\/wp\/v2\/product"}],"about":[{"href":"https:\/\/lmprodutosnaturais.com.br\/loja\/wp-json\/wp\/v2\/types\/product"}],"wp:featuredmedia":[{"embeddable":true,"href":"https:\/\/lmprodutosnaturais.com.br\/loja\/wp-json\/wp\/v2\/media\/18819"}],"wp:attachment":[{"href":"https:\/\/lmprodutosnaturais.com.br\/loja\/wp-json\/wp\/v2\/media?parent=18583"}],"wp:term":[{"taxonomy":"product_brand","embeddable":true,"href":"https:\/\/lmprodutosnaturais.com.br\/loja\/wp-json\/wp\/v2\/product_brand?post=18583"},{"taxonomy":"product_cat","embeddable":true,"href":"https:\/\/lmprodutosnaturais.com.br\/loja\/wp-json\/wp\/v2\/product_cat?post=18583"},{"taxonomy":"product_tag","embeddable":true,"href":"https:\/\/lmprodutosnaturais.com.br\/loja\/wp-json\/wp\/v2\/product_tag?post=18583"}],"curies":[{"name":"wp","href":"https:\/\/api.w.org\/{rel}","templated":true}]}}