{"id":18693,"date":"2024-07-01T09:50:41","date_gmt":"2024-07-01T12:50:41","guid":{"rendered":"https:\/\/lmprodutosnaturais.com.br\/loja\/produto\/neurofan-ultra-c-cafeina-60-caps-flora-nativa-do-brasil\/"},"modified":"2026-03-27T13:43:11","modified_gmt":"2026-03-27T16:43:11","slug":"neurofan-ultra-c-cafeina-60-caps-flora-nativa-do-brasil","status":"publish","type":"product","link":"https:\/\/lmprodutosnaturais.com.br\/loja\/produto\/neurofan-ultra-c-cafeina-60-caps-flora-nativa-do-brasil\/","title":{"rendered":"NEUROFAN ULTRA (C\/ CAFE\u00cdNA) 60 CAPS FLORA NATIVA DO BRASIL"},"content":{"rendered":"<p>Al\u00e9m dos principais ingredientes relacionados \u00e0 neuroprote\u00e7\u00e3o, a regula\u00e7\u00e3o do humor, melhora da mem\u00f3ria, concentra\u00e7\u00e3o e aten\u00e7\u00e3o, Neurofan Ultra conta com Cafe\u00edna Extended microencapsulada.<\/p>\n<p class=\"has-text-align-center has-text-color has-background has-link-color has-medium-font-size wp-elements-0ad5ce330dd241ae0e4593b2d484f517\"><strong>CAFE\u00cdNA EXTENDED AT\u00c9 12h LIBERA\u00c7\u00c3O GRADUAL<\/strong><\/p>\n<p>O processo de microencapsulamento promove a libera\u00e7\u00e3o gradual da cafe\u00edna, prolongando sua meia vida em 12 horas, al\u00e9m de potencializar suas propriedades funcionais, aumentar em at\u00e9 3 vezes a sua biodisponibilidade e possibilitar uma maior flexibilidade de aplica\u00e7\u00f5es.<\/p>\n<h3 class=\"wp-block-heading\">Recomenda\u00e7\u00e3o de uso:<\/h3>\n<p>Ingerir 2 c\u00e1psula ao dia, de prefer\u00eancia, junto das refei\u00e7\u00f5es.<\/p>\n<h3 class=\"wp-block-heading\">Conte\u00fado:<\/h3>\n<p>60 c\u00e1psulas<\/p>\n<h3 class=\"wp-block-heading\">Informa\u00e7\u00e3o nutricional:<\/h3>\n<p>Fosfatidilserina 80 mg \u2022 Taurina 150 mg \u2022 L- Tirosina 264 mg \u2022 Cafe\u00edna 180 mg \u2022 Vitamina B1 1,2 mg (100% VD<em>) \u2022 Vitamina B2 1,2 mg (100% VD<\/em>) \u2022 Vitamina B3 10 mg (67% VD<em>) \u2022 Vitamina B5 5 mg (100% VD<\/em>) \u2022 Vitamina B6 1,3 mg (100% VD<em>) \u2022 Vitamina B12 2,4 mcg (100% VD<\/em>) \u2022 Magn\u00e9sio 63 mg (15% VD<em>) \u2022 Colina 84 mg (15% VD<\/em>). * Percentual de valores di\u00e1rios fornecidos pela por\u00e7\u00e3o.<\/p>\n<h3 class=\"wp-block-heading\">Ingredientes:<\/h3>\n<p>L-Tirosina, Cafe\u00edna Microencapsulada (Extended), L-Taurina, Bitartarato de Colina, Fosfatidilserina de Lecitina de Soja, Bisglicinato de Magn\u00e9sio, Niacinamida (Vitamina B3), D-Pantotenato de C\u00e1lcio (Vitamina B5), Cloridrato de Piridoxina (Vitamina B6), Riboflavina (Vitamina B2), Cloridrato de Tiamina (Vitamina B1), Metilcobalamina (Vitamina B12), antiumectantes Silicato de magn\u00e9sio (INS 553i) e Di\u00f3xido de sil\u00edcio (551). Composi\u00e7\u00e3o da c\u00e1psula: Gelatina e corante Di\u00f3xido de Tit\u00e2nio.<\/p>\n<p class=\"has-background\"><strong>AL\u00c9RGICOS: CONT\u00c9M DERIVADOS DE SOJA. N\u00c3O CONT\u00c9M GL\u00daTEN<\/strong><\/p>\n","protected":false},"excerpt":{"rendered":"<p>Al\u00e9m dos principais ingredientes relacionados \u00e0 neuroprote\u00e7\u00e3o, a regula\u00e7\u00e3o do humor, melhora da mem\u00f3ria, concentra\u00e7\u00e3o e aten\u00e7\u00e3o, Neurofan Ultra conta com Cafe\u00edna Extended microencapsulada. CAFE\u00cdNA EXTENDED AT\u00c9 12h LIBERA\u00c7\u00c3O GRADUAL O processo de microencapsulamento promove a libera\u00e7\u00e3o gradual da cafe\u00edna, &hellip; <a href=\"https:\/\/lmprodutosnaturais.com.br\/loja\/produto\/neurofan-ultra-c-cafeina-60-caps-flora-nativa-do-brasil\/\">Readmore<\/a><\/p>\n","protected":false},"featured_media":18692,"template":"","meta":{"_bbp_topic_count":0,"_bbp_reply_count":0,"_bbp_total_topic_count":0,"_bbp_total_reply_count":0,"_bbp_voice_count":0,"_bbp_anonymous_reply_count":0,"_bbp_topic_count_hidden":0,"_bbp_reply_count_hidden":0,"_bbp_forum_subforum_count":0},"product_brand":[],"product_cat":[384],"product_tag":[],"class_list":{"0":"post-18693","1":"product","2":"type-product","3":"status-publish","4":"has-post-thumbnail","6":"product_cat-capsulas-flora-nativa","8":"first","9":"instock","10":"shipping-taxable","11":"purchasable","12":"product-type-simple"},"_links":{"self":[{"href":"https:\/\/lmprodutosnaturais.com.br\/loja\/wp-json\/wp\/v2\/product\/18693","targetHints":{"allow":["GET"]}}],"collection":[{"href":"https:\/\/lmprodutosnaturais.com.br\/loja\/wp-json\/wp\/v2\/product"}],"about":[{"href":"https:\/\/lmprodutosnaturais.com.br\/loja\/wp-json\/wp\/v2\/types\/product"}],"wp:featuredmedia":[{"embeddable":true,"href":"https:\/\/lmprodutosnaturais.com.br\/loja\/wp-json\/wp\/v2\/media\/18692"}],"wp:attachment":[{"href":"https:\/\/lmprodutosnaturais.com.br\/loja\/wp-json\/wp\/v2\/media?parent=18693"}],"wp:term":[{"taxonomy":"product_brand","embeddable":true,"href":"https:\/\/lmprodutosnaturais.com.br\/loja\/wp-json\/wp\/v2\/product_brand?post=18693"},{"taxonomy":"product_cat","embeddable":true,"href":"https:\/\/lmprodutosnaturais.com.br\/loja\/wp-json\/wp\/v2\/product_cat?post=18693"},{"taxonomy":"product_tag","embeddable":true,"href":"https:\/\/lmprodutosnaturais.com.br\/loja\/wp-json\/wp\/v2\/product_tag?post=18693"}],"curies":[{"name":"wp","href":"https:\/\/api.w.org\/{rel}","templated":true}]}}